 5). Let m(b) = b**2 - 2*b + 1. Calculate m(g).
0
Let c(p) = -p**2 + p - 1. Let i be c(2). Let h(o) = -3 + 40*o + 35*o + 1 - 79*o - o**2. What is h(i)?
1
Let b = -23 + 25. Let p(r) = r**2 - 4*r - 1. What is p(b)?
-5
Let t be (1 - (-21)/(-15))*-5. Let u(n) = n**3 - 3*n**2 - 7*n**2 + 2 + 6*n**2 + t*n. Determine u(2).
-2
Let z(s) = -3*s**3 - 2*s**2 + 1. Let p(l) = l - 8. Let k be p(10). Suppose -k*g - 5 = -7*g. Let m be z(g). Let h(t) = t + 9. Give h(m).
5
Let w = -6 + 7. Let f(o) = 4*o**2 + 0*o - w + 0*o + o**3 - 5*o + 6. What is f(-5)?
5
Suppose 8*u - 13 = 3. Let n(z) = 6 + 13*z**3 + 0 - 7*z - z + 9*z**2. Let t(w) = -6*w**3 - 4*w**2 + 4*w - 3. Let f(y) = 4*n(y) + 9*t(y). Give f(u).
-11
Let t(b) be the first derivative of b**4/4 + 7*b**3/3 + 3*b**2/2 + 4*b - 16. Calculate t(-7).
-17
Let o(x) = x**2 + 6*x - 5. Let t be o(-6). Suppose -4 = -4*q - 0. Let j(p) = -4*p**2 + 0 - 6*p + q + 3*p**2. Determine j(t).
6
Let t(j) be the third derivative of j**6/120 + j**5/10 + j**4/4 + j**3 + 3*j**2. Let l(y) = y - 2. Let r be l(3). Let z be 4*r/(-2) - 3. What is t(z)?
1
Let n(p) = 4*p**2 + 2*p. Let l(j) = 2*j - 3. Let i be l(2). Suppose i = -5*g - 9. Calculate n(g).
12
Let r be 3*1*(1 + 0). Let q(a) = 3*a**2 - 1. Let s(g) be the third derivative of -g**5/15 + g**3/3 - 7*g**2. Let y(j) = 3*q(j) + 2*s(j). Give y(r).
10
Let k be (5/2)/((-2)/(-4)). Let p(a) = k - 2 - 2*a**2 + a**3 - 2*a**2. Determine p(3).
-6
Let w(j) = 4*j - 2*j**2 + 11*j - 16*j. Calculate w(-3).
-15
Let b be 44/(-36) + 2/9. Let s = b - -4. Let t(u) = -u**3 + 2*u**2 + 2*u + 4. Determine t(s).
1
Let x be ((-3)/(-2) + 1)*-2. Let c(k) be the second derivative of k**3/3 + 2*k**2 + k. What is c(x)?
-6
Let v(z) be the second derivative of z**4/12 + 11*z**3/6 - 9*z**2/2 + 29*z. Give v(-12).
3
Let z(i) = 4*i + 1. Let x(w) = -4*w - 1. Let v(m) = -4*x(m) - 5*z(m). Calculate v(-2).
7
Let b(k) = k**3 + 8*k**2 - 8. Suppose -12*s + 26 = 122. Determine b(s).
-8
Let u(s) be the second derivative of -s**7/2520 + s**6/720 + s**5/40 + s**4/12 + s. Let a(w) be the third derivative of u(w). Determine a(-3).
-9
Suppose -s = -4*s + 7*s. Let c(p) be the third derivative of 0*p + 2*p**2 + s - 1/24*p**4 - 1/6*p**3 + 1/30*p**5 + 1/120*p**6. Give c(-3).
-7
Let t(o) be the second derivative of 0 + 2/3*o**3 + 5/2*o**2 + 2*o - 1/12*o**4. What is t(4)?
5
Let b = -8 + 11. Let s(o) be the first derivative of 0*o**2 + 2/3*o**b - 1/4*o**4 - 1 + 4*o. Give s(3).
-5
Let o = 0 - -4. Let r be 1/o - (-6)/(-24). Let h(i) = -i**3 - 11 + 0 - 3*i**2 + 2*i**2. Calculate h(r).
-11
Let d(a) be the first derivative of 5*a**4/2 - a**3/3 + a**2/2 - a + 29. Determine d(1).
9
Let m(w) = -w**2 - w. Let r(g) = 10*g**2 + 8*g - 2. Let b(o) = -12*m(o) - r(o). Let l = -2 + 4. Suppose 4 = -2*p - l. Calculate b(p).
8
Let t(m) = -m**3 - 7*m**2 - 6*m. Let v(w) = -w**3 + w**2 + 4*w. Let g be v(3). What is t(g)?
0
Let x = 12 + -10. Let h(p) be the third derivative of 0 + 1/15*p**5 + 1/6*p**3 - 1/24*p**4 - 2*p**x + 0*p. What is h(1)?
4
Let t = 1 - 3. Let u(q) be the second derivative of -q**4/6 - q**3/6 + q**2/2 - 2*q. What is u(t)?
-5
Let p be (4/2 - 2)/3. Suppose p = x + 2*x. Let h = x + 0. Let m(r) = r**2 - 5. What is m(h)?
-5
Let a(r) = r**3 + 7*r**2 + 3*r. Let u(j) = 2*j**3 + 13*j**2 + 5*j + 1. Let l(s) = -7*a(s) + 4*u(s). Calculate l(-4).
-8
Let n(b) = b**3 + 5*b**2 + b + 3. Let h be (3/5 - 186/60)*2. Calculate n(h).
-2
Let y(j) = j**2 - 2*j + 1. Suppose 3*p - 8 = -p. Suppose p*n + 5*b = 27, n = 2*n + 5*b - 26. What is y(n)?
0
Suppose 3*t + 21 = -2*t - 3*z, t - 3*z + 15 = 0. Let v(y) = -7 - 5*y**2 - y**2 - 8*y - y**3 - 2*y**2 + 0*y**3 + y**2. What is v(t)?
5
Let p(f) = -7*f**2 + 8*f - 5. Let y(v) = -11*v**2 + 12*v - 8. Let a(t) = 8*p(t) - 5*y(t). Calculate a(4).
0
Let n(t) = t**3 + 4*t**2 - 5*t - 6. Let q be 4 - 3*(4 - 1). Determine n(q).
-6
Suppose -2*i = 2 - 4. Suppose -3*q + 8 = k - 3*k, -i = -q - k. Let h(g) = -1 - g - q*g + 0*g. What is h(1)?
-4
Let y(b) = -12*b - 6. Let s(i) = -4*i - 2. Let l(w) = -17*s(w) + 6*y(w). Let n = -9 + 5. Determine l(n).
14
Let m(v) = 16 - 23*v - 6 - 4 - 7. Give m(-1).
22
Let d(z) = -z**3 + 4*z**2 - z. Suppose 4*m - 12 = -4*b, 4*b = b. Let f be ((-5)/(-2))/(m/(-12)). Let o be 4/f + (-22)/(-5). Give d(o).
-4
Let i(p) = 2*p**3 + 7*p**2 + 3*p + 1. Let f be i(-3). Let x(m) = 2*m**2 + 10*m + 10. Let n(k) = -k - 1. Let y(r) = f*x(r) + 8*n(r). Determine y(-2).
6
Let n be 5/(4 + -4 + 1). Let v(k) = -k + 11. Calculate v(n).
6
Let v(s) = s**3 - 8*s**2 - 8*s - 12. Suppose -3 = -x - 2*y, -x + 2*y = -4*x + 21. What is v(x)?
-3
Let s(w) = w**2 + 3*w - 3. Suppose 0 = 2*g + h + h, g = 5*h + 12. Give s(g).
7
Let l(t) = 2*t - 1. Let n(f) = -f - 19. Let y be n(-15). What is l(y)?
-9
Let s(b) = -b**2 - 6*b. Let i be s(-5). Let z be (-4)/(-10) + 23/i. Let a be -1 + 5/(z/3). Let t(l) = -l**3 + 2*l**2 + 3*l - 1. What is t(a)?
5
Let v(i) be the third derivative of i**4/12 + i**3/2 + i**2. Let c be 0 - 3/((-6)/2). Suppose 0 = -4*r - c - 7. Determine v(r).
-1
Let n(l) = -6 + 8*l + 8*l - 20*l + 3*l. Determine n(-6).
0
Let r(s) = s**3 - 2*s**2. Let b = 105 - 104. What is r(b)?
-1
Let i(k) = 6*k**3 + 11*k**2 - 2*k - 12. Let n(z) = -7*z**3 - 12*z**2 + 3*z + 13. Let f(r) = -6*i(r) - 5*n(r). Calculate f(-5).
-3
Let w(a) be the third derivative of -a**5/60 - 7*a**4/24 - 5*a**3/6 + 31*a**2. What is w(-7)?
-5
Let g(u) = -u**2 - 11*u + 3. Let y be g(-9). Suppose 5*h + 5*d + y = 6, 1 = -5*h + 2*d. Let j(i) = 8*i**3 + i**2 - 1. Give j(h).
-8
Let l(q) = 3*q + 5. Suppose 0 - 12 = 3*n. Give l(n).
-7
Let d be 80/12*(-3)/(-2). Suppose 4*z - 4*s = 16, 5*s - 4*s + d = -5*z. Let j(i) = i**2 - 3 + 4 - 3*i**2 - i**2 + 2*i. What is j(z)?
-4
Let g(k) = -2*k**2 + 2*k + 1 + k**2 - 19*k**3 + 0 + 2*k**3. Let t(s) = -18*s**3 - 2*s**2 + 2*s + 1. Let z(i) = 3*g(i) - 2*t(i). Calculate z(-1).
15
Let q(d) be the second derivative of d**4/12 + d**3/3 + d**2 + d. Let n be ((-3)/4)/((-5)/(-20)). Give q(n).
5
Let w(t) be the first derivative of t**3/3 + 7*t**2/2 + 6*t + 5. Let k be 12/(-21) - (-24)/(-7). Determine w(k).
-6
Let y = -2 - -3. Let q(c) be the first derivative of 0*c**3 + c - 3/4*c**4 - 1/2*c**2 - 1. Determine q(y).
-3
Let a(c) be the second derivative of -2*c**3/3 + 2*c. Let x(h) = -h**3 - 4*h**2 + h + 3. Let w be (-4)/(-3)*(1 - 4). Let t be x(w). What is a(t)?
4
Suppose 0 = 4*t + 4*c - 2 - 26, -4*t = -3*c. Let h(q) be the third derivative of -q**4/12 - q**3/6 + 2*q**2 - 11*q. Calculate h(t).
-7
Let n(l) be the third derivative of 5*l**4/24 + l**3/2 - l**2. Suppose 0 = -7*g + 8*g + 2. Determine n(g).
-7
Let t(u) = 8*u - 4. Let i(h) = -9*h + 5. Let l(c) = -6*i(c) - 7*t(c). Give l(4).
-10
Let s(m) = -m**3 + 3*m**2 - m + 2. Let l(k) = 0*k**2 - k**2 + k + 6*k**3 + 0*k**2 - 2*k**3. Let o be l(1). Suppose -10 = -q - o*q. Determine s(q).
4
Suppose -11 = 4*j + 29. Let x be (-16)/j + (-2)/(-5). Let c(d) = -1 - 7*d**2 + 3*d**2 + d**2 + 2*d**x + 6*d. Calculate c(5).
4
Let k(a) = -3*a**2 - 6*a - 7. Let u(c) = -c**2 - 1. Let g(b) = k(b) - 2*u(b). Determine g(-4).
3
Let w(d) = -d - 1. Let b(g) = -g**2 - 7*g. Let v be b(-6). Let m(a) = -6*a + a**3 + 1 - 1 - a**2. Let t(i) = v*w(i) - m(i). Determine t(0).
-6
Let o = 4 - 2. Let v(p) = -9*p**2 + 6*p. Let u(q) = 3*q**2 - 2*q. Let w(z) = -8*u(z) - 3*v(z). Calculate w(o).
8
Let f(w) = w - 4. Let v be (6/5)/((-9)/(-30)). Calculate f(v).
0
Let u(b) = -b**3 + 5*b**2 - 3*b + 7. Suppose 5*d - 2*d + 3*r = -24, -3*r = -3*d - 30. Let h be 2/((-6)/d) - -2. Give u(h).
-8
Let z = -19 - -30. Suppose 0 = -5*r - 2*k - 1 - z, 5*r + 4*k = -4. Let t(x) = 3*x + 6. Determine t(r).
-6
Let a(c) = -2 + c + 3 + 4. Let d be a(-11). Let g(h) = -h - 7. Calculate g(d).
-1
Let h be 4 - (-4)/(-2 + -2). Let w(z) be the third derivative of 1/20*z**5 + 0 + 0*z - z**2 + 1/120*z**6 - 1/6*z**4 + 2/3*z**h. Give w(-4).
4
Let s(q) = -7*q + 12*q + 3 - 2 - 3*q + q**2. Suppose -4 = 4*d - b, -2 = -0*d + 2*d - 5*b. Give s(d).
0
Let v(l) = -2*l**3 + 9*l**2 + 4*l - 1. Let t(j) = j**3 - 5*j**2 - 2*j. Let b(z) = 5*t(z) + 3*v(z). Determine b(2).
1
Let l(o) = 11*o + 9. Let v(a) be the first derivative of 5*a**2/2 + 4*a - 2. Let d(q) = 3*l(q) - 7*v(q). Calculate d(-4).
7
Let m(a) = -2*a**3 + a**2 - 1. Let y(o) = o**2 + 2*o - 9. Let c be y(-4). What is m(c)?
2
Let u be 8/12*(-6)/(-4). Le